4864.
2, 43, 127, 983
List the prime factors of 29097365.
5, 11, 529043
List the prime factors of 2384534484.
2, 3, 22079023
List the prime factors of 2352868329.
3, 7, 23, 73, 9533
What are the prime factors of 293473683?
3, 31, 631, 1667
What are the prime factors of 124295717?
7, 13, 277, 4931
List the prime factors of 2096778075.
3, 5, 7, 389, 10267
List the prime factors of 62993579.
11, 5726689
List the prime factors of 4061777060.
2, 5, 11, 19, 199, 257
What are the prime factors of 4428509384?
2, 13, 17, 41, 199, 307
List the prime factors of 109186901.
19, 103, 55793
List the prime factors of 158937848.
2, 3463, 5737
List the prime factors of 49889699.
4943, 10093
List the prime factors of 3635448406.
2, 127, 14312789
What are the prime factors of 910884896?
2, 29, 751, 1307
What are the prime factors of 1636084294?
2, 13, 61, 211, 4889
What are the prime factors of 173150281?
173150281
List the prime factors of 100379939.
11, 9125449
List the prime factors of 2474025.
3, 5, 32987
List the prime factors of 72012528.
2, 3, 7, 199, 359
List the prime factors of 84463182.
2, 3, 379, 4127
What are the prime factors of 279849338?
2, 31, 4513699
List the prime factors of 1060449858.
2, 3, 13, 4531837
What are the prime factors of 344806510?
2, 5, 34480651
List the prime factors of 627556784.
2, 47, 127, 6571
List the prime factors of 240619221.
3, 641, 13903
List the prime factors of 4843924963.
4843924963
List the prime factors of 323784286.
2, 7, 23127449
List the prime factors of 49337006.
2, 24668503
What are the prime factors of 36984240?
2, 3, 5, 31, 1657
List the prime factors of 411436688.
2, 13, 29, 68209
List the prime factors of 42868772.
2, 733, 14621
List the prime factors of 168066012.
2, 3, 17, 139, 5927
What are the prime factors of 257922032?
2, 281, 57367
List the prime factors of 1762246189.
11, 160204199
What are the prime factors of 17074736?
2, 7, 29, 751
What are the prime factors of 200949501?
3, 449, 149183
What are the prime factors of 235515704?
2, 199, 147937
List the prime factors of 68672095.
5, 17, 807907
List the prime factors of 1369300738.
2, 13, 52665413
List the prime factors of 3856566073.
29, 4241, 31357
List the prime factors of 680920545.
3, 5, 313, 145031
List the prime factors of 25929842.
2, 12964921
List the prime factors of 218886403.
19, 29, 397253
List the prime factors of 1430723601.
3, 1627, 32569
List the prime factors of 491655942.
2, 3, 2411, 11329
What are the prime factors of 357819056?
2, 7, 3194813
What are the prime factors of 3180230651?
13, 71, 97, 35521
List the prime factors of 6480053.
6480053
What are the prime factors of 14485199?
67, 103, 2099
List the prime factors of 518150526.
2, 3, 97, 233, 3821
List the prime factors of 135361046.
2, 53, 349, 3659
What are the prime factors of 927800521?
41, 22629281
List the prime factors of 792479612.
2, 449, 441247
List the prime factors of 1845205783.
8699, 212117
List the prime factors of 49489499.
17, 263, 11069
What are the prime factors of 268990875?
3, 5, 31, 857
What are the prime factors of 430756010?
2, 5, 109, 395189
List the prime factors of 10936015.
5, 17, 128659
What are the prime factors of 367207113?
3, 7, 13, 907, 1483
List the prime factors of 748492301.
727, 1029563
List the prime factors of 27822330.
2, 3, 5, 309137
List the prime factors of 4100080449.
3, 439, 3113197
List the prime factors of 27179740.
2, 5, 7, 194141
What are the prime factors of 1932596626?
2, 131, 7376323
What are the prime factors of 4878736736?
2, 277, 1987
List the prime factors of 126614660.
2, 5, 6330733
List the prime factors of 1701469.
7, 11, 19, 1163
List the prime factors of 202295471.
7, 563, 7333
What are the prime factors of 528031366?
2, 37, 7135559
List the prime factors of 440128862.
2, 220064431
What are the prime factors of 86838513?
3, 3307, 8753
List the prime factors of 68893806.
2, 3, 11482301
What are the prime factors of 1514032111?
5623, 269257
List the prime factors of 237489202.
2, 31, 89, 193, 223
List the prime factors of 7117701755.
5, 421, 3381331
What are the prime factors of 103768619?
103768619
List the prime factors of 395999940.
2, 3, 5, 7, 942857
List the prime factors of 134440710.
2, 3, 5, 491, 9127
What are the prime factors of 100111038?
2, 3, 19, 878167
What are the prime factors of 1398014859?
3, 47, 181, 54779
What are the prime factors of 461312193?
3, 29, 5302439
List the prime factors of 380853562.
2, 389, 489529
List the prime factors of 822748944.
2, 3, 19, 902137
List the prime factors of 23206252.
2, 37, 156799
List the prime factors of 354799250.
2, 5, 13, 109169
What are the prime factors of 7263032?
2, 7, 23, 5639
What are the prime factors of 8136954?
2, 3, 7, 64579
List the prime factors of 5188371543.
3, 192161909
List the prime factors of 67525329.
3, 79, 284917
List the prime factors of 158319827.
17, 61, 152671
What are the prime factors of 40333239?
3, 101, 44371
List the prime factors of 36329455.
5, 1723, 4217
List the prime factors of 594783744.
2, 3, 593, 653
What are the prime factors of 407877661?
43, 547, 17341
List the prime factors of 467755820.
2, 5, 7, 3341113
List the prime factors of 3918317630.
2, 5, 509, 769807
What are the prime factors of 111579501?
3, 11, 29, 116593
What are the prime factors of 299771944?
2, 3209, 11677
List the prime factors of 580349059.
61, 881, 10799
List the prime factors of 1070098579.
11, 29, 31, 108211
List the prime factors of 172288139.
172288139
What are the prime factors of 180473551?
71, 467, 5443
What are the prime factors of 17766240?
2, 3, 5, 37013
List the prime factors of 25517581.
61, 418321
What are the prime factors of 24673999?
7, 503551
List the prime factors of 860745230.
2, 5, 29, 101, 29387
List the prime factors of 1976109377.
11, 23, 571, 13679
List the prime factors of 646355996.
2, 11, 13, 367, 3079
What are the prime factors of 1673481631?
1289, 1298279
List the prime factors of 5202574120.
2, 5, 67, 1941259
List the prime factors of 525207034.
2, 11, 131, 16567
What are the prime factors of 917151887?
17, 23, 2345657
What are the prime factors of 2429534599?
317, 7664147
What are the prime factors of 2156583941?
9187, 234743
List the prime factors of 151065541.
11, 23, 383, 1559
List the prime factors of 673522537.
691, 974707
List the prime factors of 197164560.
2, 3, 5, 821519
List the prime factors of 1204065310.
2, 5, 7, 2791, 6163
List the prime factors of 86116986.
2, 3, 193, 8263
List the prime factors of 46948726.
2, 11, 194003
What are the prime factors of 179889738?
2, 3, 7, 53, 211, 383
What are the prime factors of 1064405359?
43, 673, 36781
List the prime factors of 440865840.
2, 3, 5, 23, 79867
List the prime factors of 3234414146.
2, 23, 53, 67, 19801
List the prime factors of 134290472.
2, 557, 30137
What are the prime factors of 77569511?
77569511
What are the prime factors of 1226361359?
593, 2068063
What are the prime factors of 8503941625?
5, 19, 199, 947
List the prime factors of 681481513.
23, 29629631
List the prime factors of 46603550.
2, 5, 7, 133153
What are the prime factors of 38823812?
2, 139, 69827
List the prime factors of 13610755.
5, 83, 32797
List the prime factors of 882510234.
2, 3, 3923, 37493
List the prime factors of 77965606.
2, 73, 379, 1409
List the prime factors of 108572916.
2, 3, 19, 71, 353
What are the prime factors of 731282891?
127, 5758133
List the prime factors of 186497966.
2, 43, 2168581
List the prime factors of 60594251.
97, 624683
List the prime factors of 1074250277.
29, 191, 193943
List the prime factors of 60566046.
2, 3, 61, 127, 1303
What are the prime factors of 252315443?
43, 2113, 2777
What are the prime factors of 846569253?
3, 521, 541631
List the prime factors of 4120687417.
7, 11, 1373, 38977
List the prime factors of 120645242.
2, 31, 1945891
What are the prime factors of 190688911?
7, 27241273
What are the prime factors of 2611108479?
3, 7, 43, 367, 7879
List the prime factors of 6178881.
3, 23, 149, 601
What are the prime factors of 1782579804?
2, 3, 148548317
List the prime factors of 36080597.
7, 5154371
List the prime factors of 6200682.
2, 3, 17, 31, 37, 53
List the prime factors of 466842170.
2, 5, 151, 309167
What are the prime factors o